at is the greatest common factor of 3141 and 27?
9
What is the highest common factor of 25 and 5600?
25
Calculate the greatest common divisor of 5 and 55.
5
What is the greatest common divisor of 60 and 1140?
60
What is the highest common factor of 176 and 2896?
16
Calculate the greatest common divisor of 14 and 1106.
14
What is the greatest common divisor of 504 and 144?
72
Calculate the greatest common divisor of 27 and 261.
9
Calculate the highest common factor of 154 and 1738.
22
Calculate the highest common divisor of 91 and 1521.
13
Calculate the greatest common factor of 366 and 488.
122
What is the highest common factor of 45 and 360?
45
What is the highest common factor of 1802 and 136?
34
What is the greatest common divisor of 17004 and 156?
156
Calculate the greatest common divisor of 2300 and 200.
100
What is the greatest common factor of 8 and 52?
4
Calculate the greatest common factor of 620 and 775.
155
What is the greatest common divisor of 105 and 1365?
105
What is the highest common factor of 689 and 13?
13
What is the greatest common divisor of 4128 and 128?
32
What is the highest common divisor of 4 and 2038?
2
Calculate the greatest common divisor of 36 and 2388.
12
Calculate the highest common factor of 177 and 11269.
59
What is the greatest common factor of 4154 and 62?
62
What is the greatest common divisor of 76 and 39178?
38
Calculate the highest common divisor of 80 and 55.
5
What is the greatest common factor of 16 and 344?
8
Calculate the highest common divisor of 1530 and 360.
90
What is the greatest common factor of 600 and 3480?
120
What is the greatest common factor of 62 and 217?
31
Calculate the greatest common divisor of 134 and 2680.
134
Calculate the greatest common factor of 1743 and 273.
21
What is the greatest common factor of 7 and 13251?
7
Calculate the highest common factor of 67 and 3886.
67
Calculate the highest common divisor of 1681 and 82.
41
What is the greatest common divisor of 193 and 2?
1
Calculate the highest common divisor of 9925 and 25.
25
Calculate the greatest common divisor of 18 and 2178.
18
Calculate the greatest common factor of 44 and 15796.
44
What is the greatest common divisor of 1012 and 28?
4
Calculate the greatest common factor of 24002 and 22.
22
Calculate the greatest common factor of 65 and 988.
13
Calculate the greatest common divisor of 231 and 84.
21
Calculate the greatest common divisor of 135 and 165.
15
Calculate the highest common factor of 406 and 518.
14
Calculate the highest common divisor of 45 and 8415.
45
Calculate the highest common factor of 36 and 612.
36
Calculate the greatest common factor of 7546 and 44.
22
Calculate the highest common factor of 9 and 432.
9
Calculate the highest common factor of 12 and 44.
4
What is the greatest common factor of 7 and 1113?
7
Calculate the greatest common factor of 1700 and 450.
50
What is the greatest common divisor of 435 and 60?
15
What is the highest common divisor of 48227 and 58?
29
Calculate the highest common divisor of 30 and 109080.
30
Calculate the highest common factor of 12082 and 98.
14
Calculate the highest common factor of 189 and 42.
21
Calculate the highest common factor of 546 and 2496.
78
Calculate the highest common divisor of 748 and 110.
22
Calculate the greatest common factor of 12 and 292.
4
Calculate the greatest common factor of 2294 and 434.
62
What is the highest common divisor of 171 and 3515?
19
Calculate the greatest common divisor of 54 and 3537.
27
Calculate the greatest common factor of 36 and 156.
12
Calculate the highest common factor of 34 and 51.
17
What is the greatest common factor of 14 and 32816?
14
What is the greatest common divisor of 44 and 2984?
4
What is the highest common divisor of 1312 and 123?
41
Calculate the greatest common factor of 104 and 104.
104
What is the highest common factor of 416 and 8996?
52
Calculate the highest common divisor of 28125 and 45.
45
What is the greatest common factor of 3977 and 41?
41
Calculate the highest common factor of 51 and 10727.
17
Calculate the highest common divisor of 18 and 603.
9
Calculate the greatest common divisor of 346 and 6.
2
Calculate the greatest common divisor of 3435 and 45.
15
What is the greatest common divisor of 7 and 343?
7
What is the greatest common divisor of 1819 and 34?
17
What is the highest common factor of 322 and 14?
14
Calculate the highest common factor of 16107 and 273.
273
What is the greatest common divisor of 22 and 341?
11
Calculate the greatest common divisor of 23 and 9.
1
Calculate the greatest common factor of 18036 and 162.
54
Calculate the greatest common divisor of 101 and 4747.
101
What is the highest common divisor of 127 and 22733?
127
Calculate the greatest common divisor of 68 and 81532.
68
Calculate the highest common divisor of 19 and 589.
19
Calculate the highest common divisor of 92 and 299.
23
What is the greatest common divisor of 357 and 21?
21
Calculate the highest common factor of 60108 and 24.
12
What is the greatest common factor of 5138 and 42?
14
Calculate the highest common factor of 30720 and 60.
60
Calculate the greatest common factor of 90 and 610.
10
What is the greatest common divisor of 406 and 28?
14
What is the highest common factor of 44 and 352?
44
What is the highest common divisor of 184 and 7544?
184
What is the greatest common divisor of 99 and 81?
9
What is the highest common divisor of 228 and 1356?
12
What is the greatest common divisor of 92 and 161?
23
What is the highest common factor of 14 and 77?
7
What is the highest common factor of 289 and 85?
17
Calculate the highest common factor of 9077 and 29.
29
What is the greatest common divisor of 145 and 580?
145
What is the greatest common factor of 29198 and 26?
26
Calculate the highest common factor of 195 and 105.
15
Calculate the greatest common divisor of 403 and 1767.
31
Calculate the highest common divisor of 169 and 117.
13
What is the highest common divisor of 16 and 244?
4
What is the greatest common factor of 423 and 94?
47
Calculate the highest common factor of 2728 and 440.
88
Calculate the greatest common factor of 60 and 15972.
12
What is the highest common factor of 7 and 1750?
7
What is the greatest common divisor of 80 and 48?
16
What is the greatest common factor of 368 and 112?
16
What is the greatest common factor of 782 and 46?
46
What is the greatest common factor of 1130 and 10?
10
What is the highest common factor of 6650 and 490?
70
What is the greatest common factor of 279 and 1984?
31
Calculate the greatest common divisor of 28017 and 11.
11
What is the greatest common divisor of 296 and 8?
8
What is the greatest common divisor of 544 and 1462?
34
What is the highest common divisor of 91 and 13?
13
What is the highest common factor of 36 and 44076?
12
What is the highest common factor of 10 and 2820?
10
What is the highest common divisor of 81 and 648?
81
What is the greatest common divisor of 24 and 576?
24
What is the highest common divisor of 240 and 50?
10
Calculate the greatest common divisor of 29 and 551.
29
What is the greatest common factor of 57 and 147?
3
Calculate the greatest common factor of 1116 and 24.
12
What is the highest common divisor of 7566 and 104?
26
What is the greatest common divisor of 88 and 869?
11
Calculate the greatest common divisor of 516 and 36.
12
What is the greatest common factor of 8 and 8?
8
What is the greatest common factor of 1643 and 31?
31
What is the greatest common divisor of 295 and 2773?
59
Calculate the greatest common factor of 276 and 28.
4
Calculate the greatest common divisor of 27 and 7911.
27
Calculate the highest common divisor of 120 and 72.
24
What is the greatest common divisor of 238 and 136?
34
What is the greatest common factor of 200 and 350?
50
What is the greatest common factor of 39 and 9386?
13
Calculate the greatest common factor of 12 and 480.
12
What is the greatest common factor of 1337 and 191?
191
Calculate the highest common factor of 520 and 10855.
65
Calculate the greatest common factor of 13579 and 37.
37
What is the highest common divisor of 16 and 512?
16
What is the greatest common divisor of 36 and 1179?
9
What is the greatest common factor of 544 and 306?
34
What is the highest common 